ts digit of x?
7
Let u be 7/(-14)*-6 + 73 + 0. Suppose 16 = 4*b - u. What is the tens digit of b?
2
Let p = -20 - 351. Let d = p - -839. What is the units digit of d?
8
Let a be 1929 + 2 + 15 + -14. Suppose -6*f + a = -2*f + 4*y, 4*f + 2*y = 1936. What is the units digit of f?
5
Let w = 1077 - 500. Suppose 0 = -w*s + 585*s - 5016. What is the tens digit of s?
2
Let g = 382 + -377. Let o(p) = 2*p**3 + 14*p**2 + 4*p - 21. What is the tens digit of o(g)?
9
Suppose 154464 = 4*d - 5*x, 10*x = -3*d + 4*x + 115848. What is the ten thousands digit of d?
3
Suppose -4*h + h = 4*f + 34, 5*f + 8 = 2*h. Let x = 1 + h. What is the tens digit of (-2 - 5/x) + 113?
1
Let a(i) = -i**3 + 12*i**2 + 15*i - 22. Let o be a(13). What is the tens digit of 12822/34 - 10 - o/34?
6
Let j(c) = -12*c + 6. Let b(p) = -p + 1. Let r(g) = -36*b(g) - j(g). What is the tens digit of r(15)?
7
Suppose -13*j = -16*j + 399. Suppose -3*w - 2*r + j = 0, 4*w - 189 = -r - 4*r. Let v = -9 + w. What is the units digit of v?
2
Suppose 0 = -3*y - 2*c - 10, 5*c + 26 = 5*y + 1. Suppose 0 = 5*i - 4*h - 2393 - 2407, y = -2*h. What is the hundreds digit of i?
9
Let s(p) = -2*p**3 - 24*p**2 + 26*p + 287. What is the tens digit of s(-17)?
3
Suppose 0 = t + 2*i - 16, -3*i - 14 - 7 = -3*t. Suppose 4*y = -2*g + 5 + 1, 2*g + t = 0. Let v(f) = 3*f**3 - 5*f**2 - 2*f - 8. What is the units digit of v(y)?
6
Let t(z) = -z**2 - 15*z - 20. Let k be t(-14). Let n = 15 + k. Let j(h) = 2*h**2 - 9*h - 28. What is the units digit of j(n)?
3
What is the thousands digit of (-3090648)/(-517) + (162/423)/(-9)?
5
Suppose d - 25 - 190 = 0. Let k(g) = 34*g - 406. Let b be k(12). Suppose b*l = -53 + d. What is the units digit of l?
1
Suppose -p = 5*f - 24, -3*p - 3*f - 29 + 77 = 0. Suppose -p*w - 71 + 15 = 0. Let z(t) = -2*t**3 + 9*t**2 + 5*t + 1. What is the units digit of z(w)?
3
Let i be (4554/4)/(49/98). Suppose 4*h - i = g, -2*g + 843 = 2*h - 293. What is the tens digit of h?
6
Suppose 11*k = 5*k + 288. Suppose -4*w + o = -k, -36 = -3*w + 3*o - 2*o. What is the units digit of (87/w)/(4/16)?
9
Let m(g) = -3*g + 352. What is the tens digit of m(10)?
2
Suppose -4*q + f + 10476 = 0, -52*f + 54*f = 8. What is the units digit of q?
0
Suppose -304*v + 309*v = 5860. Suppose v + 758 = 10*l. What is the units digit of l?
3
Let y(u) = u**3 - u**2 + u - 1. Let m(x) = -4*x**3 - 4*x**2 - 13*x + 23. Let p(q) = m(q) + 3*y(q). What is the units digit of p(-8)?
4
Let s(p) = 10*p**2 + 26*p + 483. What is the thousands digit of s(-19)?
3
Let s(a) = 6*a**2 - 7*a + 2. Let d be (4/6)/(2/12). What is the tens digit of s(d)?
7
Suppose 2 = 2*n, 4*a = -0*a - 4*n + 64. Suppose 1470 = -8*k + a*k. Let g = -105 + k. What is the tens digit of g?
0
Let n(o) = 18*o**2 - 313*o + 58. What is the hundreds digit of n(29)?
1
Suppose 2*g + 3*g + 285 = 0. Let i = -45 - g. What is the tens digit of -13*4/(i/(-3))?
1
Let w(d) = d - 2. Let u be w(-6). Let r be 3/(1 + 20/u). What is the tens digit of (2 + -3)/(r + (-435)/(-219))?
7
Suppose 27*n = -509 - 166. What is the units digit of (-11 - 137)/(10/n)?
0
What is the units digit of (36/(-6))/(((-100664)/10068)/(-2) + -5)?
1
Suppose 0 = -5*o - c + 7109, -510*c = -509*c + 1. What is the hundreds digit of o?
4
Suppose z - 3403 = 5*s, -6*z + s + 13055 = -7624. What is the thousands digit of z?
3
Let h = 68470 + -42770. What is the ten thousands digit of h?
2
Suppose 0 = 247*m - 389*m + 4045864. What is the hundreds digit of m?
4
Let j(o) = 156*o**2 - 21*o + 146. Let h be j(12). Suppose -h = -51*p - 3845. What is the hundreds digit of p?
3
What is the units digit of (-195)/(2/(-2))*((-1426)/(-5) + 0)?
4
Let q = 6208 + 6780. What is the ten thousands digit of q?
1
Suppose -182886 = -3*h - 3*l, -4*h + 121917 = -2*h - 5*l. What is the thousands digit of h?
0
Suppose -105*s + 9056 = 4*a - 102*s, -a - 4*s = -2264. What is the tens digit of a?
6
Let d be 0 - 10/(-6) - 28/(-84). What is the hundreds digit of 5/(-2)*(d - (-2 + 54))?
1
Let z(h) = 2*h**2 - 31 + 2*h**2 + 3*h + 0*h + 12. What is the tens digit of z(6)?
4
Let o be (-72)/(-42)*(3 - 4/(-8)). Let c(v) be the second derivative of 2*v**3 + 11*v**2 + 5*v. What is the tens digit of c(o)?
9
Let q = 117 + -112. Suppose -17*x = -q*x + 384. What is the hundreds digit of 176/(x/(-4))*3*3?
1
Let y = -176 - -1081. Let k = 333 + y. What is the tens digit of k?
3
Let s(w) = 139*w - 4. Let p be s(2). Suppose -3*h = -113 - p. Suppose 0*j - h = -3*j. What is the units digit of j?
3
Let m(i) = 8*i**3 - 8*i**2 + i + 11. Let b = -32 - -38. Let l(d) = 7*d**3 - 8*d**2 + d + 10. Let r(y) = b*m(y) - 7*l(y). What is the units digit of r(7)?
8
Let z be ((-12)/(-8))/(5/10). Suppose -i = -2 - z. Suppose i*b = 17 + 18. What is the units digit of b?
7
Let o be 51/(-2)*638/(-33). Suppose -o = -9*a + 3593. What is the tens digit of a?
5
Suppose -4*h = -6*h + 8. Suppose 0 = 5*t - 71 - h. Suppose 0 = -3*b + t, -k = -0*b - b + 3. What is the units digit of k?
2
Let u = -279 + 267. What is the hundreds digit of ((-3)/u*494 - -2)*2?
2
Let g = 68617 + -34986. What is the thousands digit of g?
3
Let h be (-35)/(-20) + -1 + (-22)/8. Let m(v) = v**2 - 23. Let s(t) = t**2 - 24. Let b(q) = h*m(q) + 3*s(q). What is the tens digit of b(12)?
1
Let r = -35 + 17. Let s be (-3)/r - 8469/(-54). Let w = 268 - s. What is the units digit of w?
1
Let j = 2127 + -3599. Let h = -64 - j. What is the units digit of h?
8
Let r(w) = -7*w - 75. Suppose 3*k + 35 = -37. What is the tens digit of r(k)?
9
Suppose 258 - 89 = z + u, 3*z - 3*u = 483. Suppose -z = -26*q + 21*q. Let p = -29 + q. What is the units digit of p?
4
Suppose 480 = -19*u + 16*u. What is the tens digit of (-1 + -4)*51424/u?
0
Suppose -30 = -143*d + 146*d. Let y = -2 - d. Suppose y = -2*b, 0 = 2*n - b - 92 - 208. What is the units digit of n?
8
Suppose 0 = 464*g - 465*g + 6. Suppose -2165 = -g*h + 1501. What is the units digit of h?
1
Let i(j) = -j**3 - 8*j**2 - 8*j - 8. Let b be i(-7). Let t(h) = h**3 + 5*h**2 - 6*h - 14. Let f be t(-4). Let z = f + b. What is the tens digit of z?
2
Suppose 2*k + h = 7*k + 3653, 3*h - 2187 = 3*k. Let o = k + 810. What is the units digit of o?
9
Suppose 0 = x + m + 512 - 1498, 5*x - m = 4912. What is the tens digit of x?
8
What is the hundreds digit of ((-120814)/(-14) - 51/(-119))*8?
0
What is the hundreds digit of ((-1143)/(-7))/((-283)/(-17829))?
2
Suppose 11*b = 38*b - 295617 + 79320. What is the tens digit of b?
1
What is the ten thousands digit of -10 - 5 - -11 - (0 + -21545)?
2
Let i(b) = -3481*b + 919. What is the thousands digit of i(-7)?
5
Suppose 53092 = -52*r - 0*r. Let h = -399 - r. What is the hundreds digit of h?
6
Let g(n) = n**2 - 5*n - 24. Let r be (1 + (-10)/5)*-11. Let l be g(r). Suppose -2*i + 4*x = -4*i + l, x = 5*i - 83. What is the tens digit of i?
1
Suppose -1484404 = -62*c + 559092 + 1012236. What is the units digit of c?
6
Suppose 0 = -2*r + 4*a - 279 + 1823, -4*r + 3078 = 2*a. Suppose -r = -64*h + 54*h. What is the tens digit of h?
7
Suppose 13*d - 15*d - 16 = 0. Suppose 4*x - 5*x = 5*a + 184, 5*x + 20 = 0. What is the units digit of ((-222)/d)/(a/(-96))?
4
Suppose 28 = 3*j - k, 4*k - 4 = -2*j + k. Suppose 4*w = j*w - 848. What is the units digit of w?
2
What is the tens digit of ((-1552)/(-20))/((-2)/(-105))?
7
Let r(z) = 12*z + 24. Let c(j) = -11*j - 25. Let w(x) = -4*c(x) - 5*r(x). What is the units digit of w(-24)?
4
Let a(g) be the second derivative of -g**5/60 + g**4/6 + 7*g**3/2 - 3*g**2/2 + 21*g. Let x(l) be the first derivative of a(l). What is the units digit of x(0)?
1
Suppose 0 = -4*l + 5*t + 23025, 1052 = l - 2*t - 4705. What is the thousands digit of l?
5
Let n(w) = -83*w**2 + 5*w - 5. Let u be n(2). Let i = 227 + u. Let g = i - -138. What is the units digit of g?
8
Suppose -4345 = 9*d + 947. Let h = -183 - d. What is the hundreds digit of h?
4
Let c(l) = -l**3 + 18*l**2 - 23*l + 14. Let u(r) = -4*r**3 - 6*r**2 - 2*r + 2. Let v be u(-2). What is the tens digit of c(v)?
7
Let b(t) = 124*t**2 - 131*t + 871. What is the thousands digit of b(7)?
6
Let y = 4879 + 952. What is the tens digit of y?
3
Let j(d) = 31*d**2 + 156*d + 2. What is the units digit of j(10)?
2
Let c(d) = 147*d**2 - 7*d + 191. What is the ten thousands digit of c(-13)?
2
Let b(n) = -6*n**3 + 123*n**2 + 12*n - 4.